 divided by 12.
10
What is the remainder when 3145 is divided by 257?
61
Calculate the remainder when 4643043 is divided by 29.
27
Calculate the remainder when 86795 is divided by 155.
150
Calculate the remainder when 345528 is divided by 2069.
5
Calculate the remainder when 179842 is divided by 4182.
16
What is the remainder when 14706 is divided by 2099?
13
Calculate the remainder when 28135 is divided by 964.
179
Calculate the remainder when 1436 is divided by 288.
284
Calculate the remainder when 32911 is divided by 532.
459
Calculate the remainder when 463181 is divided by 102.
101
Calculate the remainder when 69605 is divided by 88.
85
Calculate the remainder when 235809 is divided by 15.
9
What is the remainder when 794 is divided by 768?
26
Calculate the remainder when 4539 is divided by 419.
349
What is the remainder when 6480 is divided by 819?
747
What is the remainder when 17358 is divided by 148?
42
Calculate the remainder when 3427 is divided by 421.
59
Calculate the remainder when 35556 is divided by 1421.
31
Calculate the remainder when 72555 is divided by 16.
11
Calculate the remainder when 4459 is divided by 1467.
58
Calculate the remainder when 19809 is divided by 106.
93
Calculate the remainder when 5184 is divided by 32.
0
What is the remainder when 25223 is divided by 1333?
1229
Calculate the remainder when 43629 is divided by 1120.
1069
Calculate the remainder when 43058 is divided by 381.
5
Calculate the remainder when 2694596 is divided by 15.
11
Calculate the remainder when 361 is divided by 45.
1
What is the remainder when 15109 is divided by 19?
4
Calculate the remainder when 1455 is divided by 1411.
44
What is the remainder when 11630 is divided by 27?
20
Calculate the remainder when 4928 is divided by 27.
14
Calculate the remainder when 32014 is divided by 24.
22
Calculate the remainder when 5691 is divided by 1365.
231
Calculate the remainder when 537213 is divided by 17.
13
What is the remainder when 26440 is divided by 362?
14
Calculate the remainder when 219238 is divided by 31315.
33
Calculate the remainder when 10661 is divided by 10202.
459
What is the remainder when 24039 is divided by 7978?
105
Calculate the remainder when 640 is divided by 40.
0
What is the remainder when 106973 is divided by 5?
3
Calculate the remainder when 1139 is divided by 309.
212
Calculate the remainder when 60371 is divided by 12073.
6
What is the remainder when 7218 is divided by 220?
178
What is the remainder when 5445 is divided by 552?
477
What is the remainder when 531865 is divided by 19?
17
Calculate the remainder when 56689 is divided by 525.
514
Calculate the remainder when 669 is divided by 202.
63
Calculate the remainder when 59596 is divided by 22.
20
What is the remainder when 685843 is divided by 34292?
3
What is the remainder when 158134 is divided by 28?
18
Calculate the remainder when 3190 is divided by 168.
166
Calculate the remainder when 362525 is divided by 425.
0
What is the remainder when 8430 is divided by 528?
510
Calculate the remainder when 17889 is divided by 11.
3
What is the remainder when 2868 is divided by 64?
52
What is the remainder when 9427 is divided by 673?
5
What is the remainder when 254 is divided by 252?
2
What is the remainder when 56132 is divided by 21?
20
Calculate the remainder when 1278747 is divided by 87.
21
What is the remainder when 33631 is divided by 33590?
41
What is the remainder when 254 is divided by 78?
20
Calculate the remainder when 54251 is divided by 99.
98
What is the remainder when 4453703 is divided by 711?
710
Calculate the remainder when 4180 is divided by 398.
200
Calculate the remainder when 2027 is divided by 968.
91
What is the remainder when 546214 is divided by 38?
2
Calculate the remainder when 473883 is divided by 112.
11
What is the remainder when 14758 is divided by 7361?
36
Calculate the remainder when 11594 is divided by 190.
4
Calculate the remainder when 7182 is divided by 452.
402
What is the remainder when 16088 is divided by 17?
6
What is the remainder when 55758 is divided by 27873?
12
Calculate the remainder when 4977 is divided by 22.
5
What is the remainder when 4547 is divided by 1483?
98
What is the remainder when 1261 is divided by 830?
431
What is the remainder when 1243 is divided by 165?
88
Calculate the remainder when 2008 is divided by 1946.
62
What is the remainder when 75948 is divided by 2447?
91
Calculate the remainder when 1007 is divided by 910.
97
What is the remainder when 308910 is divided by 26?
4
What is the remainder when 5327 is divided by 55?
47
Calculate the remainder when 5781 is divided by 487.
424
What is the remainder when 6680 is divided by 1651?
76
Calculate the remainder when 603124 is divided by 918.
916
Calculate the remainder when 889325 is divided by 9.
8
What is the remainder when 2963 is divided by 267?
26
What is the remainder when 43647 is divided by 326?
289
What is the remainder when 481 is divided by 40?
1
Calculate the remainder when 47296 is divided by 1027.
54
What is the remainder when 9007 is divided by 4156?
695
Calculate the remainder when 36203 is divided by 73.
68
Calculate the remainder when 6014 is divided by 119.
64
What is the remainder when 3728757 is divided by 483?
480
What is the remainder when 8027 is divided by 2665?
32
Calculate the remainder when 820 is divided by 645.
175
What is the remainder when 666424 is divided by 16?
8
Calculate the remainder when 1452 is divided by 21.
3
What is the remainder when 3474573 is divided by 144?
141
Calculate the remainder when 99156 is divided by 453.
402
Calculate the remainder when 29434 is divided by 446.
444
Calculate the remainder when 14979 is divided by 441.
426
Calculate the remainder when 1138 is divided by 1046.
92
Calculate the remainder when 150338 is divided by 86.
10
Calculate the remainder when 14285 is divided by 7128.
29
What is the remainder when 16045 is divided by 814?
579
Calculate the remainder when 178015 is divided by 21.
19
What is the remainder when 57104 is divided by 3806?
14
What is the remainder when 1708626 is divided by 539?
535
What is the remainder when 271912 is divided by 7?
4
What is the remainder when 536546 is divided by 17?
9
Calculate the remainder when 127278 is divided by 133.
130
Calculate the remainder when 47005 is divided by 15.
10
Calculate the remainder when 88312 is divided by 26.
16
Calculate the remainder when 23536 is divided by 7766.
238
What is the remainder when 32438 is divided by 5343?
380
Calculate the remainder when 81766 is divided by 17.
13
What is the remainder when 384864 is divided by 955?
954
Calculate the remainder when 20699 is divided by 127.
125
What is the remainder when 26890 is divided by 292?
26
Calculate the remainder when 19006 is divided by 297.
295
What is the remainder when 3539 is divided by 269?
42
Calculate the remainder when 48963 is divided by 42.
33
What is the remainder when 1323675 is divided by 58?
57
Calculate the remainder when 69569 is divided by 17.
5
Calculate the remainder when 1980 is divided by 403.
368
Calculate the remainder when 652054 is divided by 394.
378
What is the remainder when 2869 is divided by 191?
4
Calculate the remainder when 338949 is divided by 8691.
0
Calculate the remainder when 32669 is divided by 50.
19
What is the remainder when 4882957 is divided by 911?
908
Calculate the remainder when 237471 is divided by 167.
164
Calculate the remainder when 2783 is divided by 109.
58
Calculate the remainder when 6144 is divided by 1187.
209
What is the remainder when 1221337 is divided by 133?
131
What is the remainder when 29747 is divided by 277?
108
Calculate the remainder when 2057 is divided by 347.
322
Calculate the remainder when 94087 is divided by 230.
17
Calculate the remainder when 208036 is divided by 182.
10
Calculate the remainder when 19679 is divided by 97.
85
Calculate the remainder when 18892 is divided by 2.
0
What is the remainder when 11487 is divided by 197?
61
Calculate the remainder when 172042 is divided by 531.
529
What is the remainder when 10695 is divided by 275?
245
Calculate the remainder when 26335 is divided by 231.
1
Calculate the remainder when 52543 is divided by 2.
1
Calculate the remainder when 49